 is divided by i?
6
Let k(u) = -2*u + 4. Let t be k(3). Let p be (t/(-1))/(2/4). Calculate the remainder when 26 is divided by 1/(-4) - (-29)/p.
5
Let g(x) = 6*x**2 - 6*x - 1. Calculate the remainder when g(2) is divided by 4.
3
Let c = 3 + -1. Calculate the remainder when (-102)/(-15) + ((-2)/(-1))/10 is divided by c.
1
Let j be (-2)/6 - 424/(-12). Suppose -b + j = 2*o, -o - 2*o - b = -51. What is the remainder when 47 is divided by o?
15
Suppose 0*w - 5*h = w - 38, 0 = -w + 2*h + 10. Calculate the remainder when w is divided by 4.
2
Suppose -26 = -2*t + 14. Let b = -4 + 6. What is the remainder when 76/(b/4*4) is divided by t?
18
Let i(q) = -q + 5. Suppose 0 = -3*n, 3*z + 0*z + 2*n - 6 = 0. Calculate the remainder when i(-2) is divided by z.
1
Let j = 45 - 31. Let m be 622/6 - (-4)/(-6). Suppose -3*q + 5*s + m = 0, -5*q - s = -2*s - 201. Calculate the remainder when q is divided by j.
13
Let c be 556/16 - (-1)/4. Suppose -5*o - 4*f + c = 0, f + 6 + 29 = 5*o. What is the remainder when 12 is divided by o?
5
Calculate the remainder when (180/(-25))/(6/(-20)) is divided by 14.
10
Let f = 20 + 3. Suppose 3*j - 5*d + 22 = -6*d, -5*j - 42 = -d. Let i = 20 + j. What is the remainder when f is divided by i?
11
Let h be 0/((-2)/4*2). Suppose 3*j + h = 6. Let i(z) = -z + 4. Calculate the remainder when j is divided by i(3).
0
Let z(m) = -m**3 - m**2 - m + 37. Let c be z(0). Let b = 52 - c. What is the remainder when 44 is divided by b?
14
Suppose -15*k + 17*k = 158. What is the remainder when k is divided by 21?
16
Let u(k) be the second derivative of k**5/20 - k**2 + 2*k. Calculate the remainder when u(2) is divided by ((-16)/(-4))/(1/1).
2
Let l(z) = -z**2 - 11*z + 9. Calculate the remainder when l(-8) is divided by 12.
9
Let d(z) = -z**3 + 10*z**2 - 7*z - 9. Calculate the remainder when 24 is divided by d(9).
6
Let v(t) = -2*t. Let h be v(-1). Suppose 5*d - 4*d - 2*o - h = 0, 6 = d - o. What is the remainder when d is divided by 3?
1
Let r = 5 + -1. Let w = r + -4. Let m(i) = -i**3 - i**2 + i + 32. What is the remainder when m(w) is divided by 17?
15
Let t(m) = m**2 - 3*m - 10. Let d be t(-5). What is the remainder when (d/(-4))/((-3)/6) is divided by 9?
6
Suppose 3*q - 4 + 39 = 2*y, -2*q = 6. What is the remainder when 63 is divided by y?
11
Let f be -5 + 0 - (0 - 2). Let t(b) = b**2 + 2*b - 1. Let a be t(f). Calculate the remainder when a/3*3 + -1 is divided by 1.
0
Let y = -113 + 237. What is the remainder when y is divided by 19?
10
Suppose n - 8 = -n. What is the remainder when 14 is divided by n?
2
Let t = -14 - -32. Suppose -t + 3 = -g. What is the remainder when 29 is divided by g?
14
Let q(x) = -x**3 - 8*x**2 - x + 1. What is the remainder when q(-8) is divided by 6?
3
Suppose -2*m + 10 - 2 = 0, -4*m + 142 = 2*n. What is the remainder when n is divided by (-2 + (-15 - -1))/(-1)?
15
Suppose 2*u - 59 - 17 = 2*y, -y + 76 = 2*u. Calculate the remainder when u is divided by 20.
18
Let k be ((-10)/15)/((-2)/(-3)). Let b(u) = -u**2 - 3*u + 6. Let s be b(-5). Let t = k - s. Calculate the remainder when 7 is divided by t.
1
Suppose -215 = 3*n - 8*n. Suppose -74 - n = -3*y. What is the remainder when y is divided by 20?
19
Suppose -5*k - 15 = -70. Suppose -s - 2*g = -3*g - k, 2*s + g = 34. Calculate the remainder when 57 is divided by s.
12
Suppose -10 = 2*m, 4*v = m + 12 + 1. Calculate the remainder when v is divided by (2/(-4))/((-2)/8).
0
Suppose 0 = l + 4*u + 45, -2*l + l + 2*u - 21 = 0. Let c = l - -50. What is the remainder when c is divided by (-4)/12*3 + 12?
10
Let y = 34 - 15. Calculate the remainder when 74 is divided by y.
17
Suppose 0 = -5*f + 52 + 18. Calculate the remainder when 94 is divided by f.
10
Let s(z) = -z**2 + 13*z - 3. Calculate the remainder when 116 is divided by s(12).
8
Let m(u) = -u + 46. Suppose -2*g - 15 = 4*y - y, -3*g - 5*y - 25 = 0. Calculate the remainder when m(g) is divided by 16.
14
Suppose 11 + 19 = 5*d. Let t = 1 + d. Let a(n) = n**2 - 20*n + 3. What is the remainder when t is divided by a(20)?
1
Suppose -5*g + t = -4*t - 135, 2*g + 5*t = 61. What is the remainder when 110 is divided by g?
26
Let t = -41 - -22. Let f = t + 66. What is the remainder when f is divided by 25?
22
Let w(r) = 6*r + 44. What is the remainder when 53 - ((-1)/1 - -1) is divided by w(-5)?
11
Suppose -5*y + y + 68 = 0. Suppose 0 = -5*u - 2*d + 137, -3*d = u - 0*d - y. What is the remainder when u is divided by 15?
14
Let x(k) = k + 6. Suppose 8*s + 5*a - 42 = 4*s, 10 = 5*a. Calculate the remainder when ((-2)/(-6))/(3/234) is divided by x(s).
12
Let x be -3 + (2 - 2 - -1). Let m be 2/x*3*-1. Suppose -4*o - m*y - 13 = -48, 15 = 5*o - 2*y. Calculate the remainder when 14 is divided by o.
4
Let x(y) = 2*y**2 - 18. Calculate the remainder when x(5) is divided by 18.
14
Suppose -7*q = -276 - 109. What is the remainder when q is divided by 8?
7
Suppose l - 20 = -0*b + 3*b, 5*l = 4*b + 133. Calculate the remainder when l is divided by (-2 + -2*1)*-2.
5
Let y(j) = 2*j - 12. Let s be y(8). Let m(b) = -b**3 - 2*b**2 + b + 5. Let u be m(s). Let n = -62 - u. What is the remainder when n is divided by 13?
12
Let l(z) = 0*z**2 - 6*z - 7*z**2 - z**3 + 1 - z. Let c be l(-6). Let x(t) = -t**3 + 8*t**2 - 4*t + 2. What is the remainder when x(c) is divided by 12?
11
Suppose 0 = -4*n - h + 10, -4*n - 8*h = -4*h - 16. Let t be ((-4)/5)/((-2)/5). Suppose -t*a = n*a - 76. Calculate the remainder when a is divided by 11.
8
Let o(t) = t**3 - 3*t**2 + 3*t + 3. What is the remainder when 35 is divided by o(3)?
11
Let s be (-3)/9 - (-31)/3. Let i be 10/(-4)*(-76)/s. Let b = -10 + i. What is the remainder when 26 is divided by b?
8
Let q(t) = 2*t**2 + 2*t + 3*t**2 + 1 + t**2 - t. Let f be q(-1). Let p = f - 3. Calculate the remainder when 5 is divided by p.
2
Suppose 3*m - 6*m + 39 = -3*x, -3*m = -x - 39. Calculate the remainder when 44 is divided by m.
5
Suppose 3*i - 320 - 163 = 0. What is the remainder when i is divided by 41?
38
Suppose 0 = -d - 2*r + 125, 120 = d - 8*r + 9*r. What is the remainder when d is divided by 39?
37
Suppose -60 = -4*x - x. Suppose 2*p + 2 = -4. Calculate the remainder when 11 is divided by (27/x)/(p/(-8)).
5
Suppose -15 = s + 17. Let t = 48 + s. Suppose -86 = -7*o - 23. What is the remainder when t is divided by o?
7
Suppose 4*z - 18 - 110 = -4*u, -160 = -5*z - u. What is the remainder when 157 is divided by z?
29
Let q(b) = 2*b - 1. Suppose 2*g + 11 + 13 = 4*l, 4*l = 3*g + 20. Suppose 0 = 4*o - 16, p - l = o + 2. What is the remainder when p is divided by q(3)?
4
Let f(u) = u**3 + 9*u**2 - 14*u - 11. Calculate the remainder when f(-10) is divided by 10.
9
Let i(x) = -x**2 - 13*x + 17. Let l(p) = -4*p**2 - 40*p + 52. Let d(w) = -7*i(w) + 2*l(w). What is the remainder when 41 is divided by d(6)?
11
Suppose 121 = -5*t + 5*g - 24, -91 = 4*t + g. Suppose 5*v - 3*v - 70 = 0. Let p = v + t. Calculate the remainder when p is divided by 4.
3
Suppose -47*a = -111 - 124. Let r = 29 - 21. Calculate the remainder when (-2)/r - (-154)/8 is divided by a.
4
Suppose 96 - 305 = -11*p. What is the remainder when 73 is divided by p?
16
Let y(r) = r**2 + 2*r - 3. Let u(x) = x**2 + 3*x - 4. Let d(o) = -3*u(o) + 4*y(o). What is the remainder when d(-5) is divided by 16?
14
Let t(h) = -h**3 + 9*h**2 + h - 2. What is the remainder when 12 is divided by t(9)?
5
Let l(g) be the second derivative of 3*g**5/20 - g**4/6 + g**3/6 + 3*g. What is the remainder when 53 is divided by l(2)?
17
Calculate the remainder when 29 is divided by (512/20)/(-4)*5/(-2).
13
Let k = -7 + 28. Calculate the remainder when 71 is divided by k + 0 + (4 - 1).
23
Suppose 3*x = 5*f + 2*x - 103, -f + x + 23 = 0. Let l(k) = k + 4. Let j be l(-4). Suppose j*n = 2*n - 116. Calculate the remainder when n is divided by f.
18
Let m(a) = a + 2. Let u be m(-8). Let h be 75/u*(-4)/5. What is the remainder when ((-6)/4 + 2)*h is divided by 2?
1
Suppose -6*i - p + 138 = -3*i, 5*p = 15. What is the remainder when i is divided by 8?
5
Let p(j) = 0 + 1 - 2 - 2*j. Let g = 9 + -14. Calculate the remainder when 17 is divided by p(g).
8
Let l = -2 + 5. Suppose 88 = 4*j + 4*h, -5*j + l*j - 3*h = -40. Calculate the remainder when j is divided by 7.
5
Let a(z) = -z**3 - 6*z**2 - z + 8. Let r be 12*(4/8 + -